composite?
True
Let c be ((2 + -2)/(-2))/(-2). Suppose c*m - 335 = -5*m. Is m a composite number?
False
Let w = 5 + -15. Let k = 41 - w. Is k prime?
False
Let n(m) = 4*m**2 + 56*m - 35. Is n(-26) a composite number?
False
Let c(n) = -5*n**3 - 14*n**2 - 6*n + 6. Let a be c(-9). Suppose 4*o - a = -2*t - 805, 2*o = 4*t - 3502. Is t prime?
True
Let v(l) = -l**2 + l + 211. Is v(0) prime?
True
Is 23618/112 - (-2)/16 a composite number?
False
Let b(t) = t**3 - t**2 - t + 140. Let k be b(0). Suppose 4*d + 0*d = k. Is d a prime number?
False
Let w(a) = 4*a**2 - 4*a + 2. Let d = 2 - -2. Suppose -3*f + 2*s - 3 = -s, d*s = f + 10. Is w(f) a prime number?
False
Let p be (-6)/(-21) - (-33)/7. Suppose -y = -20 - p. Is y a prime number?
False
Let r(w) = w**3 - 6*w**2 - w + 2. Let x be r(6). Let m = x - -19. Is m a prime number?
False
Suppose 0*p = 2*p + 2500. Let m be 6/33 + p/(-22). Suppose 0 = -x + 20 + m. Is x a composite number?
True
Suppose -4*j = -t - 1520, -2*j - 5*t + 738 = -0*j. Suppose 114 = -l + j. Is l a composite number?
True
Suppose -y - 4*y - p + 18 = 0, 3*p - 15 = -2*y. Suppose -2*f = -3*j + 76, -y*j - 3*f + 73 = j. Is j a composite number?
True
Let g(n) = -n**2 + 3*n - 1. Let i be g(4). Is 51 - ((-6)/(-2) + i) prime?
True
Let w(u) = -71*u - 11. Is w(-8) a composite number?
False
Let q be (4 + -2 - 6) + 223. Let k = 806 - q. Is k prime?
True
Suppose 4*h - 20 = 4*i, 4*i = 4*h + 2*i - 10. Suppose y = -h*y + 7. Is y a prime number?
True
Let g(a) = a**3 + 3*a**2 + 2. Let x be g(-3). Suppose -3*b - 2*k + 165 = -0*k, -x*k = 5*b - 271. Is b a composite number?
False
Let j be 1 - 14/(1 + 1). Let w = 8 + j. Suppose w*t + 4*u = 22, 4*t = 9*t + 2*u - 95. Is t composite?
True
Let l be (-2)/11 - (-6)/33. Let i(k) = -k**3 + k**2 + 59. Is i(l) a composite number?
False
Let f(t) = t**2 + 12*t + 16. Let b be f(-11). Suppose b*g - 780 = 225. Is g composite?
True
Let o be (-6)/18 - 2848/(-3). Let l = -568 + o. Is l prime?
False
Is (1/(-2))/(3/(-5178)) composite?
False
Let u be 3 - 292 - 1*-1. Let k = -173 - u. Is k prime?
False
Let w(v) = -v**3 - 16*v**2 - 2*v - 18. Is w(-16) a prime number?
False
Let f be 1*1/(-1)*0. Is (341/11)/(1 - f) a prime number?
True
Let q(a) be the third derivative of a**8/20160 + a**7/2520 + a**6/180 + a**5/60 - a**2. Let v(t) be the third derivative of q(t). Is v(3) a prime number?
True
Let f = -2 - -4. Suppose 2*h + 10 = f*o, 3*o + h - 2 = 1. Suppose r + 0*r - 29 = o*k, -2*r + 67 = 5*k. Is r a composite number?
False
Let n(b) = -7*b + 4. Let j be n(-4). Let o = j - -123. Is o composite?
True
Let p(y) = 17*y + 16. Is p(11) prime?
False
Let z be 9 - 10 - (1 + -3604). Is (-6)/21 - z/(-14) prime?
True
Suppose 0 = -2*s + s + 45. Suppose -3*u = o - 30, -s = -4*o + 2*o - 3*u. Suppose 5*k = 65 - o. Is k a composite number?
True
Suppose -2*w - 3334 = -7*w + r, -2*w - 4*r + 1338 = 0. Is w a composite number?
True
Let b = -56 + 128. Suppose -i + 34 = 4*o - 9, 2*i = -o + b. Is i a prime number?
False
Suppose 5*v + 73 = -c, 2*v = -3*c - 2*v - 186. Let r = 45 + -68. Let k = r - c. Is k prime?
False
Let t = 2575 - 1744. Is t prime?
False
Let q(k) = 8*k**2 - 5*k + 2. Let a(w) = 2*w**2 - 2*w - 7. Let l be a(3). Is q(l) composite?
True
Is 1/(-4) + 5672/32 a prime number?
False
Suppose -5*q = -2*p + 1 + 14, -3*p - q = -31. Let y(h) = 2*h - 4. Let k(f) = -5*f + 8. Let b(i) = -3*k(i) - 7*y(i). Is b(p) a composite number?
True
Let r be (0 - 2/(-2)) + 446. Suppose 0*k - r = -3*k. Is k prime?
True
Suppose 0 = 4*d + 5*s - 488, 2*s + 262 = -d + 3*d. Is d a composite number?
False
Suppose 623 = -2*w - 267. Let m = -272 - w. Suppose -h + 3*h = 3*k + m, -373 = -4*h - 3*k. Is h composite?
True
Let z be ((-6)/(-9))/((-2)/6). Let v be (8/(-5))/(z/65). Suppose 2*g + 10 - v = 0. Is g prime?
False
Let r(m) = -m**2 - 7*m. Let v be r(-6). Let f = v - 14. Is (-2)/f - (-1804)/16 a composite number?
False
Let h = 6 + -10. Is 0 - (h + 3)*57 prime?
False
Suppose 0 = -5*j + 20, -5*c - 4*j = j - 410. Suppose -148 = -2*g + c. Is g a composite number?
False
Let o(z) = 10*z + 7. Is o(5) a composite number?
True
Suppose 11*k = k + 61970. Is k a prime number?
True
Let r(h) = -3*h - 1. Let d be r(-1). Suppose -q - 51 = -d*i - 0*q, -5*i - 5*q + 90 = 0. Is (i - (0 - 2))/1 composite?
True
Let h = -2448 - -3583. Is h a composite number?
True
Let b = 115 - 69. Is b composite?
True
Let p be (1341/(-27))/((-2)/6). Suppose 1 = -4*d + p. Is d composite?
False
Let c(b) = -3*b + 2*b + 4*b**2 - 3*b**2 - 119*b**3 + 2*b. Is c(-1) prime?
False
Let k(c) = -c + 7. Let p be k(5). Suppose 0 = -2*v - o - 5, 3*v = p*v + 3*o + 8. Is ((-10)/(-2))/(v/(-2)) a prime number?
False
Let x be (-4)/(-2)*(-1)/2. Let i be x*0/(-1) - 0. Suppose i = -5*k - 15, -4*z - 2*k + 32 + 110 = 0. Is z a prime number?
True
Suppose -3*z + 2*z + 4*f + 24 = 0, -5*f = z + 21. Suppose -z*u = -4*r + 24, -3*u - 10 = -0*r - r. Is (-49)/(-2) - 1/u a composite number?
True
Let q(m) = 4*m**2 - 4*m - 1. Let d be 38/14 - (-4)/14. Is q(d) prime?
True
Let d = 520 - 267. Is d a prime number?
False
Suppose 5*y = 20 - 0. Suppose y*g - 53 = 87. Is g composite?
True
Let h be 5 - (1 + 2 + -1). Let t(m) = 6*m - 3. Let b be t(h). Suppose -3*q + 24 + b = 0. Is q a composite number?
False
Suppose 3*g - 2306 = g + 2*s, 5761 = 5*g - 3*s. Is g composite?
False
Suppose 4*s - 652 = k + 2*k, -5*s = 2*k - 838. Suppose -11 - 1 = -4*j, 4*j - s = -2*w. Is w a composite number?
True
Let a(s) = s**2 + 10*s - 11. Let u be a(-11). Suppose -q + 5*o + 191 = 0, -2*q - 2*o + 43 + 315 = u. Is q composite?
False
Let z(l) = l**3 + 3*l**2 - 5*l - 3. Let p be z(5). Suppose 0 = 4*r - 140 - p. Suppose -2*k = k - 4*c - 53, 2*c - r = -4*k. Is k a prime number?
True
Suppose 449 = f + 2. Is f a composite number?
True
Suppose -5*y + 89 = 2*g, 0 = 3*g - 3*y - 0*y - 102. Is g a composite number?
False
Let f = -13 + 17. Suppose -f*m = -89 - 51. Is m a prime number?
False
Let i be ((-3)/6*-14)/1. Let j(p) = p**3 - 4*p - 5*p**2 - i + 1 + 0*p**2. Is j(6) a prime number?
False
Suppose 0 = s + s - y + 4144, 0 = 2*s - 3*y + 4152. Is 2/8 - s/8 prime?
False
Suppose 0 = -7*s + 2616 + 247. Is s a prime number?
True
Let u(v) = 319*v**3 + 3*v**2 - 3*v. Is u(1) a composite number?
True
Suppose 0 = -5*f - 5*i + 1360, -2*f - 4*i = -6*f + 1048. Let h = -190 + f. Is h a prime number?
False
Let d = 3 + 2. Is ((-14)/(-6))/(d/345) prime?
False
Suppose -2*v = -3*v + 169. Is v a prime number?
False
Let p be (-316)/44 + 4/22. Is 2/(-2)*19*p prime?
False
Let s(m) = -3*m**3 - 7*m + 2*m - 5*m**2 - 2 + 2*m**3. Let b be s(-4). Is (1 - 0)/(b/102) prime?
False
Let c be (28/(-3))/(4/(-156)). Suppose 0*n - c = -4*n. Is n a prime number?
False
Suppose 0 = -4*x - 2*x + 444. Is x composite?
True
Let q = 3 + -2. Let o = q - -7. Suppose 5*k + o = -4*w, k + 8 = w + 1. Is w prime?
True
Let c = 1 + 4. Is 15*(2 - c - -4) a prime number?
False
Let m = 3 - -1. Suppose -q = m*q - 175. Is q prime?
False
Suppose -l = l - 326. Let t be (-3)/(-6) - (-7)/2. Suppose 0 = t*d - 41 - l. Is d a composite number?
True
Let i(u) = -12*u - 4. Let n be i(-4). Suppose -w - w + n = 0. Suppose w = 5*c - 8. Is c prime?
False
Suppose -4*g - 4*m = -200, -3*g = m - 3*m - 175. Let a = g + -21. Is a a composite number?
True
Suppose 47 = 5*s - 8. Suppose l = 5*g + s, 4*g + 2 = -4*l + g. Is (l - (-117 + -1))*1 composite?
True
Let t = -6 - -18. Let c = t - 6. Is c a composite number?
True
Suppose 0*a = 2*a - 254. Is a a prime number?
True
Let j = -5 + 5. Let s be 2/(2/3 - j). Suppose 0 = -s*p + 129 + 30. Is p a composite number?
False
Let k(j) = -j + j - 5*j - 5 - j. Is k(-5) prime?
False
Let r = -981 + 685. Let n = -169 - r. Is n a prime number?
True
Suppose -4*v + 240 = -7*v. Let d = v + 165. Is d prime?
False
Suppose -2*p = 4*b - 34, -5*b + p + 37 = -b. Let d be (b/4)/((-1)/(-8)). Let z = d - 11. Is z prime?
True
Let k = 692 + -399. Is k composite?
False
Let i be (-22)/(-18) + (-14)/63. Let r = i + 1. Suppose 97 = t + 2*m, -4*t + 388 = -r*m - 0*m. Is t a composite number?
False
Let d(y) = 2*y + 7. Let o be d(-5). Is ((-11)/(-2))/(o/(-66)) a composite number?
True
Let x(j) = 4*j**2 + 3*j + 4. Is x(-3) prime?
True
Suppose 5*p + 12 + 13 = 0. Suppose 2*u + 2*u = 5*n - 226, -3*n - 4*u = -142. Let g = n - p. Is g a composite number?
True
Let v be (2/5)